y(g) = -g**3 + 16*g**2 - 42*g + 22. Let q = -12082 - -12095. What is y(q)?
-17
Let b(s) = -2 + 1 + 5*s + 5 - 3. Let m(v) = v**3 + 3*v**2 - 18*v + 9. Let k be m(-6). Suppose 11 = 5*d - k. Calculate b(d).
21
Let q be 172/(-430) - (1 - (-204)/(-10)). Let v(g) = 8*g - 145. Determine v(q).
7
Let r = 46843/6 + -7807. Let a(h) be the second derivative of -9*h + r*h**3 - 1/12*h**4 + 0 + 1/2*h**2. Calculate a(2).
-1
Let y(a) = a + 8. Let r be 20 + -2*(0 + -1). Let v be (-7 - 1) + (-128 + 8)/(-5). Suppose -r*h = -v*h + 24. Determine y(h).
4
Let r(t) be the third derivative of t**4/3 - 145*t**3/6 - 214*t**2. Let u be r(20). Let m(h) = h**2 - 16*h + 16. Determine m(u).
1
Let m(g) be the second derivative of 0 + 2/3*g**3 + 16*g - 1/6*g**4 - g**2. Calculate m(3).
-8
Suppose 863 = 190*u + 483. Let c(k) = 17*k - 50. Determine c(u).
-16
Let r(q) = -q**2 + 7*q. Suppose 4*l + 12 = 0, 5*j + 2 = l - 5. Let n be 50/4 - (2 + -3)/j. Suppose 0 = 4*x + n, 0*x = h - 3*x - 17. Give r(h).
-8
Let a(h) be the first derivative of -h**2/2 - h - 5. Let v(d) = -26*d**2 - 676*d - 13. Let l be v(-26). Calculate a(l).
12
Let s(w) = 5*w**2 + 5*w + 2. Suppose -1400*j + 16 = -1404*j. Determine s(j).
62
Let d(a) = -a**2 - 10*a - 13. Let u be ((-45)/(-5))/(1*(2 + -3)). What is d(u)?
-4
Let d be 6/4*(-72)/(-54). Let k(p) = 2*p + 1 + 64*p**2 - 29*p**d - 34*p**2. Calculate k(-2).
1
Let i(m) = -10*m - 10*m - 5 - 8*m - 6 + 26*m. What is i(-9)?
7
Let z(d) = 2*d**2 - 17*d - 126. Let h be 3154/(-664) + ((-1)/(-3))/(4/(-3)). Determine z(h).
9
Let g(v) be the third derivative of -v**6/120 + 13*v**5/60 + 7*v**4/12 - 11*v**3/6 - 791*v**2. Let z be (48/(-32))/((-3)/28). Calculate g(z).
-11
Let k(i) = 4 - 496*i**2 - 4*i + 255*i**2 + 253*i**2. What is k(3)?
100
Let m(t) = 8*t + 26. Let u be (8/(-18))/(35 - (-2504)/(-72)). What is m(u)?
10
Suppose -13*d + 8*d = -3*m + 1, 4*m - 3 = 5*d. Let a(h) = -28 + m*h - h**3 + 17 - 2*h**2 + 0*h**2 + 14. What is a(-3)?
6
Suppose -4*x + 20 = -2*u, -2*x - 5*u - 1 = 1. Suppose -5*h + x*n + 27 + 3 = 0, -5*n - 27 = -h. Let y(o) = -3*o**2 - 11*o + h*o**2 + 16*o. Give y(5).
0
Let f(z) = -6112 + 2045 + 14*z + z**2 + 2037 + 2043. Calculate f(-7).
-36
Let h(a) = 3*a**3 + a. Let m = -44 + 62. Suppose -m = 4*c - 6. Let i be -3*(c - -2)*3/9. Calculate h(i).
4
Let j(a) = 17*a - 15. Let m be (3 + (-22)/6)/(4/(-18)). Let w(c) = -10*c + 8. Let b(o) = m*j(o) + 5*w(o). Let q = 2 + -2. What is b(q)?
-5
Let m(h) be the third derivative of h**3 + 0*h - 1/24*h**4 + 0 + 64*h**2. Calculate m(5).
1
Let n(p) be the first derivative of -3*p**4/4 + p**2/2 + 27707. Let j(a) = a + 2. Let s be j(0). Determine n(s).
-22
Let w(z) = 4*z**2 - 143*z + 108. Let d be w(35). Let c(r) = -6*r + 1. Give c(d).
-17
Let w(x) = -x**3 + x**2 + 11*x + 14. Let g be w(-2). Let q(s) = -4 + s**3 + 18*s**2 + 6*s - 12*s**2 - 11*s**2. Determine q(g).
4
Let h(l) = 647*l + l**3 + 12 - 10*l**2 - 320*l - 340*l. Suppose 4*g - 2*m - 52 = -6*m, 4*g - 40 = 2*m. Determine h(g).
-10
Let f = -4410 - -4405. Let t(r) = r**3 + 5*r**2 + 2*r + 16. What is t(f)?
6
Let q(l) = -2*l**3 + 23*l**2 - 10*l - 16. Suppose 2*s - 132 = 12*s - 22*s. Determine q(s).
-5
Let n(l) = 128*l**2 + 898*l + 16. Let h be n(-7). Let i(q) = -5*q**2 + 3*q - 4. Let g(b) = 2*b**2 - b + 2. Let x(m) = -7*g(m) - 3*i(m). Determine x(h).
-2
Let n(s) = -6*s**3 + 2*s**2 + s. Let c = -3 + 3. Let y = -951 + 950. Let p = y - c. Calculate n(p).
7
Let y(z) = 4*z**3 + 760*z - 8 + 4*z**2 + 4*z**2 - 755*z - 3*z**3 + 0*z**3. Let n be (1/(-2))/(1/14). Give y(n).
6
Let l = 65 + 22. Suppose -3*a - 21 = 0, 141*g - 146*g - 4*a = -392. Let n = g - l. Let o(t) = 4*t**2 + 3*t - 4. Give o(n).
23
Let o(i) = -i**2 + 21*i - 34. Let f(z) = 7*z**2 + 61*z - 157. Let r be f(-11). Give o(r).
4
Let k(b) = -b - 1. Let m = -61 - -354. Let q = m + -302. Give k(q).
8
Let l(z) = 20*z - 82. Let t be l(14). Suppose -16*g - 6*g = t. Let q(m) = -m - 4. Calculate q(g).
5
Suppose 4*m - 4 = -u, -5*u - 24 = -3*m + m. Let y(d) = -348*d + m*d**2 - 2 + 703*d - 354*d + 4*d**3. Give y(-2).
-28
Let m(w) = 2*w**2 + 9*w + 8. Let o be m(-6). Suppose c + 2 = 0, 283 - 273 = x - 3*c. Suppose x*s + 0*s = 20, -4*s + o = 2*t. Let z(f) = -f - 3. What is z(t)?
-6
Let g(r) = 28*r**2 - 15*r - 2 - r**3 - 5*r - 12*r + 5*r. Let s be g(27). Let z(j) = -j**2 - 3*j - 2. Determine z(s).
0
Let h(n) = -n - 7. Let o be ((6/(-4))/(-1))/(15/50). Suppose -o*a = 4*k + 3, -k - a = -5*k - 33. Give h(k).
0
Suppose 102*m - 119*m = -51. Let v(r) = 0*r**2 + 5 - 4*r - 2*r**3 + 2*r**2 + 3*r**m + 5*r + 2*r**2. What is v(-4)?
1
Suppose 5*i = 5*k - 505, -4*i = -k - 4*k + 508. Let n(f) = k*f + 3*f**3 - 212*f - 4*f**3 + 109*f - 3*f**2 + 2. Let d = -9 - -6. Give n(d).
-1
Let s(f) = f + 1. Suppose 3*p + 6 = 2*p - a, 2*p + 27 = -5*a. Let t(b) = -b**2 + b + 8. Let c(o) = p*t(o) + 4*s(o). What is c(-5)?
6
Let u(h) = 15*h**3 + 3*h**2 - 14*h - 76. Let i(w) = 7*w**3 + w**2 - 6*w - 37. Let j(p) = -13*i(p) + 6*u(p). What is j(5)?
-5
Suppose 233 = 3*d - k, -6*k + 152 = 2*d - 10*k. Suppose -49*x + 10*x = d. Let v(h) be the second derivative of h**3/2 - h. Give v(x).
-6
Let j(u) = 15*u**2 + 9 + 17*u**2 - 33*u**2. Let v be -1 - ((-9)/(-18) - (-6)/(-4)). Give j(v).
9
Let j(g) be the second derivative of -g**3/6 - 5*g**2/2 - g. Let t(c) = -c**3 - 15*c**2 + 24*c + 128. Let l be t(-16). What is j(l)?
-5
Let l(n) be the second derivative of -1/120*n**5 - 1/6*n**4 + 0 + 0*n**2 + 2*n**3 + 13*n. Let t(b) be the second derivative of l(b). Calculate t(0).
-4
Let g = 156 - 105. Suppose -7*p - 16 + g = 0. Let f(m) = -m**3 + 8*m**2 - 8*m + 3. What is f(p)?
38
Suppose -6*v = 45 + 69. Let j = -16 - v. Let h(k) = -k + 1. Calculate h(j).
-2
Let y(h) = 676*h + 5414. Let a be y(-8). Let d(u) = 20*u - 113. Determine d(a).
7
Let d(f) = 2*f**2 + 7*f - 12. Let a = 1472 - 1478. Calculate d(a).
18
Let c(z) = -844 + 40 + 216 + 28*z + 337. Give c(9).
1
Let r = 8779 - 8806. Let t(a) = a**3 + 30*a**2 + 80*a - 24. What is t(r)?
3
Let q(g) be the first derivative of 127 - 2*g**2 - 55844*g + 3*g**2 + 55834*g. Calculate q(-8).
-26
Let b(l) = -3*l**2 - 2*l + 1. Suppose -2 + 18 = 4*h. Suppose -8*y = -h*y - 20. Suppose 4*n + x - 1 - y = 0, -3*n - 3 = -3*x. Calculate b(n).
-4
Let y(q) = q**3 - 39*q**2 - 120*q - 262. Let c be y(42). Let h(k) = -3*k**2 - 22*k + 19. Calculate h(c).
-61
Let h(w) be the third derivative of 0*w + 2*w**2 - 1/12*w**5 + 1/24*w**4 - 24 - 1/6*w**3. Determine h(1).
-5
Let o = -238 + 241. Let w be 39/3 - (o + (-4)/4). Let g(l) = -l**2 + 10*l + 15. Calculate g(w).
4
Let c(s) = -2*s - 27. Let a(d) = d + 5. Let g(u) = 3*a(u) + c(u). Let l be 2/(-14) - 450/(-14). Suppose -3*p - l = -7*p. Determine g(p).
-4
Let s(x) = x - 1. Let q(f) = -f - 15. Let l(d) = q(d) - 2*s(d). Let w = -6218 + 6208. Give l(w).
17
Let z(v) = v**3 - 11*v**2 - 13*v + 27. Let r = 1088 - 1076. Give z(r).
15
Suppose 13*i = 5*v + 14*i - 41, 3*v + 4*i - 45 = 0. Let z(d) = d + 12. What is z(v)?
19
Let n(i) be the first derivative of -15 + 3/2*i**2 + i. Calculate n(2).
7
Let a = 3422 - 3436. Let x(w) = w**3 + 14*w**2 - w + 16. Determine x(a).
30
Let x(h) be the first derivative of 2*h**3/3 - h**2/2 + h - 31. Suppose 0 = 2*u, -5*p = u + 2*u - 25. Suppose q - 14 + 5 = -5*g, p = -3*g + 2*q. What is x(g)?
2
Suppose -130 = 26*b - 24*b. Let s = b - -62. Let u(r) = -7*r**2 - r - 2. Let t(i) = 3*i**2 + 1. Let x(n) = 5*t(n) + 2*u(n). Give x(s).
16
Let g(o) = o**3 - o**2 + 2*o - 4. Let a(x) = -5*x**3 - 4*x**2 - 10*x - 3. Let h(u) = -a(u) - 6*g(u). Calculate h(10).
7
Let y(c) = -3*c**2 - 2*c - 28. Let w(u) = -11*u**2 - 5*u - 85. Let l(r) = 2*w(r) - 7*y(r). Let p(s) be the first derivative of l(s). Determine p(3).
-2
Let u(t) = 1821*t**2 - 15 - 909*t**2 - 911*t**2 - 1. Calculate u(0).
-16
Let n(a) = -20*a**2 + 4*a - 2. Let h be (-6)/27*12*(-15)/(-5). Let o(b) = 30*b**2 - 6*b + 3. Let z(d) = h*n(d) - 5*o(d). What is z(1)?
9
Let l(s) = -s**2 + 2*s - 4. Let y be 6/(-11) - (-2762)/22. Suppose -y*b = -113*b - 60. Determine l(b).
-19
Suppose 3*j + 93 = 156. Let u(z) = 0*z + z + 18 - 36 + j. Determine u(-3).
0
Let j(v) be the third derivative of v**5/60 - v**4/12 - 5*v**3/3 - 2838*v**2. Determine j(7).
25
Let v be (9/4)/((-12)/(-32)). Let k(o) = 14*o + 14*o - 55*o - 4 + 15*o + 15*o. What is k(v)?
14
Suppose 10*y = 12*y - r + 5, 3 = -2*y